4*z - 8. What is q(a)?
-8
Let t(a) = -3*a**3 - 16*a**2 + 5*a + 20. Let g be t(-7). Let z = 224 - g. Let s(j) = -j**3 - 5*j**2 + 7*j. Determine s(z).
-6
Let b(t) = 8*t + 433. Let w(c) = 3*c + 154. Let d(n) = -6*b(n) + 17*w(n). Give d(-4).
8
Let c(n) = 16*n**3 + 48574*n**2 - 15*n**3 - 5 - 6*n - 48573*n**2. Let a be -1 + 1 + (-8)/2. What is c(a)?
-29
Suppose 0 = 2*p + 3*q + 12, 6 = -p + 3*q - 0*q. Let o be ((-9)/p)/(6/(-12)). Let f(r) = r + 8. Let u(l) = 1. Let n(w) = -f(w) + 6*u(w). What is n(o)?
1
Let f(h) be the second derivative of h**5/20 + 7*h**4/12 + 7*h**3/6 - 11*h**2/2 + 824*h. Give f(-5).
4
Let g(z) = 4*z - 4. Let x(i) = -19*i - 5. Let f(c) = 5*g(c) + x(c). Let u(q) = -q + 7. Let t be u(7). Determine f(t).
-25
Let p(z) = -2*z + 1. Suppose -483 = 5*o + 4*h, -h + 6*h - 15 = 0. Let i = -101 - o. Let f be (4/(-12))/(i/6). Determine p(f).
-1
Let f(v) = -1. Let y(o) = -21 + 1 + 2 + o. Let p(n) = 6*f(n) - y(n). What is p(5)?
7
Suppose 4*d - 15 = -7. Let n(g) be the second derivative of 0 - 1/4*g**4 + 11*g + g**2 + 1/20*g**5 + 0*g**3. Determine n(d).
-2
Let h(i) = -4 + 10*i + 14 + 153204*i**2 - 153203*i**2. Let y(a) = -a**3 - 6*a**2 - 5*a + 4. Let u be y(-4). Calculate h(u).
-6
Let l(w) be the second derivative of 13*w**3/3 + 3*w**2/2 - 2*w - 206. Give l(3).
81
Let l(p) = 251*p - 69. Let z(v) = 79*v - 22. Let r(x) = 6*l(x) - 19*z(x). Suppose -2*y - 3*y = 25. Give r(y).
-21
Let a(g) be the second derivative of -1/3*g**3 + 2*g + 13/2*g**2 - 5. What is a(7)?
-1
Let h be 1*(-13)/(13/4). Let r(i) = -5*i - 115 + 111 - 7*i**2 + 2*i**2 - i**3. What is r(h)?
0
Let y(u) be the third derivative of 0*u**5 - 1/8*u**4 + 0*u + 0 + 2*u**2 + 1/360*u**6 - 1/3*u**3. Let b(k) be the first derivative of y(k). Determine b(-3).
6
Let l(v) be the third derivative of 2*v**4/3 + 2*v**3/3 - 37*v**2 + 6. Determine l(3).
52
Let s = 271/278 + -66/139. Let b(m) be the second derivative of 0 - 1/3*m**3 + 33*m + s*m**2. Determine b(3).
-5
Let n(v) = 6*v**3 + 3*v + 7. Let k be n(-2). Let s = -37 - k. Let a(g) = -g**2 + 8*g + 13. Give a(s).
-7
Let m(h) = 437*h - 5280. Let f be m(12). Let v(q) = q**3 + 38*q**2 + 73*q + 46. Give v(f).
10
Let t(h) = -3*h**2 + 39*h + 44. Let c be t(14). Let q(x) = -1 + 26*x**2 + 13*x**2 + 6 - 37*x**c - 3*x + 0. Determine q(4).
25
Let s be 30/75*(0 + -5). Suppose 4*t + 6 = 5*d, t = -3*d - 2*d + 11. Let z(x) = -62*x - t + 114*x - 56*x. What is z(s)?
7
Let m(f) = 131*f + 778. Let b be m(-6). Let y(k) = -k**3 - 8*k**2 - 6*k - 17. Give y(b).
31
Let m(v) be the first derivative of -v**5/20 + 3*v**4/4 - 3*v**3/2 + 3*v**2 - 74*v - 34. Let s(n) be the first derivative of m(n). Determine s(8).
-2
Suppose 45*y - 23 = 46*y + 3*r, -4*y - 5*r - 43 = 0. Let c(l) = 49*l - 4. Determine c(y).
-102
Let j(x) = 9*x + 29. Suppose -29*i + 31*i = 8*r - 110, r + i = 5. Calculate j(r).
137
Let b(d) be the third derivative of 0 + 0*d + 1/24*d**4 + 0*d**5 - 5/2*d**3 - 1/120*d**6 + 56*d**2. Give b(0).
-15
Suppose -15*o - 98 = -4*o - 164. Let z(y) be the third derivative of -5/3*y**3 + 1/120*y**o - 7/60*y**5 + 1/24*y**4 - 13*y**2 + 0*y + 0. Give z(7).
-3
Let n = -1592 - -1599. Let l(k) = -k**2 + 4*k + 18. Let z(u) = 5*u**2 - 20*u - 91. Let f(t) = -11*l(t) - 2*z(t). Determine f(n).
5
Suppose 24*n - 29*n + 15 = 0. Let r(l) = l**n + 0*l - 4 + l + 1 + 3*l**2 + 5*l**3 - 7*l**3. Give r(3).
0
Let g(z) = -2*z**2 - 13*z + 10. Let t be g(-7). Let l(d) = 15*d - 22*d + 8*d + t. What is l(-4)?
-1
Let r(u) = -u - 34. Let n be (-24)/(40/(-5)) + -34 + 2/1. Determine r(n).
-5
Let m(h) = h**2 - 6*h - 5. Let v be m(8). Let t(i) be the third derivative of i**5/60 - i**4/2 - 2*i**3/3 + 3*i**2 + 9622. Determine t(v).
-15
Let u(o) = 3*o - 22. Suppose -3*h = -2*w - 26, h - 3 = -4*w + 1. Let n be u(h). Let s(b) = -13 + 3 + 4 - n*b. What is s(7)?
-20
Let y(g) = 27*g - 6*g + 1894 - 1876. Give y(-3).
-45
Let z(u) = 2*u**2 + 3*u + 4. Let q be (111/185)/(1/(-5)) - -13. Suppose -240*b = -245*b - q. Give z(b).
6
Let l(c) = 1951*c**2 + 3*c + 11*c**3 - 2 - 12*c**3 - 1947*c**2. Let g be ((-6)/1)/(18/(-12)). What is l(g)?
10
Let c(s) be the first derivative of -s + 87 + 1/2*s**2. Determine c(-12).
-13
Let x(h) = -129*h**2 + 23*h + 90. Let c(k) = -32*k**2. Let l(m) = -4*c(m) + x(m). Give l(26).
12
Let b be (4 - -1)/((-3)/(-6)) - 48/24. Let v(h) = h**2 - 7*h + 16. What is v(b)?
24
Let m(w) = -w - 52. Let q(f) = 10*f + 350. Let u(h) = -14*m(h) - 2*q(h). What is u(12)?
-44
Let w(m) = -22*m + 205*m**2 - 149*m**2 - 60*m**2 - 11 - 9 + 5. Determine w(-5).
-5
Suppose 27*s = 8*s + 114. Let k(q) = 2*q - 13. Let o(u) = -u + 11. Let f(z) = 2*z - 23. Let x(a) = 4*f(a) + 9*o(a). Let h(p) = 4*k(p) + 9*x(p). Give h(s).
5
Let t(j) be the third derivative of 3*j**2 + 0*j + 1/2*j**3 + 0 - 1/4*j**4 - 1/60*j**5. Let k be 5*4*(3 - (-130)/(-40)). What is t(k)?
8
Let c(k) = -3*k + 6. Let j(q) = 2*q - 4. Let h(y) = -5*c(y) - 7*j(y). Suppose -z - 4 = z. Let w = z + 4. Calculate h(w).
0
Let y(x) = -x**3 + 10*x + 2. Let w(t) = 3*t**3 + 18*t**2 - 17*t + 28. Let u(b) = w(b) + 2*y(b). Determine u(-18).
-22
Let k(j) be the second derivative of j**5/20 - 7*j**4/6 + 7*j**3/3 + j**2 - 36*j - 6. Determine k(12).
-118
Suppose 5*u + 15 = 13*k - 18*k, -4*k = 3*u + 7. Suppose -2*a = -4*a + 52. Let y(d) = -k*d**2 - 30 - d**3 + a + 0*d**3. What is y(-3)?
5
Let h(v) be the third derivative of v**4/24 - v**3 + v**2. Suppose 2*p + 6 - 13 = -l, 0 = p - 3*l + 21. Determine h(p).
-6
Let u(j) = -6*j - 20. Let t be u(-7). Suppose t = -11*o - 11. Let g be (o + -1 + 3)*(2 + -5). Let v(n) = n**3 - 2*n**2 - 2*n + 4. Determine v(g).
7
Let q = 200 - 193. Let s(a) = 7*a**2 - 14*a + 3. Let i(l) = 11*l**2 - 21*l + 4. Let t(h) = 5*i(h) - 8*s(h). Determine t(q).
-4
Let o(v) = -3*v + 55. Let g be o(18). Let q be -1*3/(-4 + g). Let p(a) = 5*a**2 + 1. What is p(q)?
6
Suppose 0 = 12*b - 618 + 2454. Let k = b - -152. Let s(y) = 3*y**2 + y. Give s(k).
2
Let x(v) be the first derivative of v**4/4 - 4*v**3/3 + v**2 + v - 1. Let z be (-4*((-4)/(-2) + -6))/4. Calculate x(z).
9
Let y(b) = -b - 25. Let k(a) = 43*a - 1816. Let z be k(42). What is y(z)?
-15
Let r(m) = -14*m - 26. Suppose 17*v + 259 - 191 = 0. Give r(v).
30
Let h(i) = 4*i + 0*i**3 + 29 - i**3 - 30 - 3*i**2. Suppose 0 = -6*u - 451 + 427. Give h(u).
-1
Let h be 7/(-42) + (-2)/(-12). Let g = h - 4. Let a(u) = 3*u + 8. What is a(g)?
-4
Suppose -38*w - 7 = -l - 35*w, 2*l + 13 = -3*w. Let i(n) = -37*n - 83. Calculate i(l).
-9
Suppose -3*n = -35 + 47, 58 = 6*t + 2*n. Let v(j) = j**2 - 14*j + 19. What is v(t)?
-14
Let v(j) = j**3 + 7*j**2 + 7*j + 2. Let s be -5 - (4 + -4)/1. Let n(k) = 4*k**2 - 20*k - 8. Let f be n(6). Let u be s - -4*(-4)/f. Give v(u).
-4
Let y(x) be the first derivative of x**2/2 + 7*x + 12. Let k be y(-5). Let p(m) = -12 - 3*m**2 + m + k*m**2 + 0*m + 2*m**2. What is p(0)?
-12
Let k be 1 - 0 - (54/(-6) - -8). Let a(d) = -42*d**2 + 34*d**k + 2 - 5 - d**3. Calculate a(-8).
-3
Suppose 0 = 3*k + 6 - 24. Let p(j) be the first derivative of 38 + 1/3*j**3 - 4*j**2 + 9*j. Determine p(k).
-3
Let q(a) = a**3 - 3*a**2 - a + 1. Let x be 5/(5/(-4)) + (-24)/(-6). Suppose 10*u - 47 - 33 = x. Suppose -8 - 16 = -u*n. Determine q(n).
-2
Let s be (16/12)/(-10*5/75). Let h(b) = -3*b**2 - 3*b - 3. What is h(s)?
-9
Let s(j) be the third derivative of -j**6/120 - 19*j**5/60 + 11*j**4/12 + 13*j**3/3 - 662*j**2. Calculate s(-20).
-14
Let y(v) = 6*v - 12. Let c = -4060 + 4069. Calculate y(c).
42
Let z(k) = -637*k**2 - 13 + 2*k + 634*k**2 + 341*k**3 - 342*k**3. Determine z(-3).
-19
Let u(w) = -w**3 - 4*w**2 - w + 5. Let b = 72 + -50. Suppose b*y = 24*y + 8. What is u(y)?
9
Let w = -2953 + 2933. Let n(d) = -d**2 - 19*d + 17. What is n(w)?
-3
Let g(b) = -b + 15. Let f(t) = 4*t**2 - 11*t - 8. Let m be f(-2). Give g(m).
-15
Let v = 16 - 12. Let a(n) = 3*n + 0 + 7*n - 14*n + 1 - 3. Determine a(v).
-18
Let h(c) = c**3 - 7*c**2 - 366*c - 47. Let u be h(23). Let t(r) be the third derivative of -r**5/15 - r**4/24 + 6*r**2. Calculate t(u).
-3
Suppose 2*n = -5*s - 2 + 12, -2*n + 10 = 2*s. Let w(m) be the first derivative of m**3/3 - m**2/2 - 7*m + 1247. Give w(n).
13
Let t(p) = -p**2 - 11*p + 6. Let l be -1 + -3 + 320/(-35) + 6/42. What is t(l)?
-20
Suppose 0 = 3*w - 5*c + 4, 3*c + 7 + 13 = 5*w. Let z(j) = 4*j + 1 + w*j - 7*j - 2*j. Suppose 0 =